{"id":44,"date":"2021-02-01T23:12:46","date_gmt":"2021-02-01T22:12:46","guid":{"rendered":"http:\/\/ecopolealimentaire.fr\/?page_id=44"},"modified":"2022-03-22T21:34:30","modified_gmt":"2022-03-22T20:34:30","slug":"implantation","status":"publish","type":"page","link":"https:\/\/ecopolealimentaire.fr\/?page_id=44","title":{"rendered":"Implantations"},"content":{"rendered":"\n<figure class=\"wp-block-image size-large is-resized\"><img loading=\"lazy\" src=\"http:\/\/ecopolealimentaire.fr\/wp-content\/uploads\/2022\/03\/Carte-ecopole-3points-1024x1005.jpg\" alt=\"\" class=\"wp-image-230\" width=\"512\" height=\"503\" srcset=\"https:\/\/ecopolealimentaire.fr\/wp-content\/uploads\/2022\/03\/Carte-ecopole-3points-1024x1005.jpg 1024w, https:\/\/ecopolealimentaire.fr\/wp-content\/uploads\/2022\/03\/Carte-ecopole-3points-300x295.jpg 300w, https:\/\/ecopolealimentaire.fr\/wp-content\/uploads\/2022\/03\/Carte-ecopole-3points-768x754.jpg 768w, https:\/\/ecopolealimentaire.fr\/wp-content\/uploads\/2022\/03\/Carte-ecopole-3points-1536x1508.jpg 1536w, https:\/\/ecopolealimentaire.fr\/wp-content\/uploads\/2022\/03\/Carte-ecopole-3points.jpg 1714w\" sizes=\"(max-width: 512px) 100vw, 512px\" \/><\/figure>\n\n\n\n<p><a href=\"http:\/\/ecopolealimentaire.fr\/?page_id=101\" data-type=\"URL\" data-id=\"http:\/\/ecopolealimentaire.fr\/?page_id=101\" target=\"_blank\" rel=\"noreferrer noopener\">L&#8217;Ecop\u00f4le alimentaire de la r\u00e9gion d&#8217;Audruicq<\/a> (Pas-de-Calais)<\/p>\n\n\n\n<p><a rel=\"noreferrer noopener\" href=\"http:\/\/ecopolealimentaire.fr\/?page_id=102\" data-type=\"URL\" data-id=\"http:\/\/ecopolealimentaire.fr\/?page_id=102\" target=\"_blank\">L&#8217;Ecop\u00f4le alimentaire de Gohelle<\/a> (Pas-de-Calais)<\/p>\n\n\n\n<p><a href=\"http:\/\/ecopolealimentaire.fr\/?page_id=53\" target=\"_blank\" rel=\"noreferrer noopener\">L&#8217;Ecop\u00f4le alimentaire Nord Toulousain<\/a> (Haute-Garonne)<\/p>\n","protected":false},"excerpt":{"rendered":"<p>L&#8217;Ecop\u00f4le alimentaire de la r\u00e9gion d&#8217;Audruicq (Pas-de-Calais) L&#8217;Ecop\u00f4le alimentaire de Gohelle (Pas-de-Calais) L&#8217;Ecop\u00f4le alimentaire Nord Toulousain (Haute-Garonne)<\/p>\n","protected":false},"author":1,"featured_media":0,"parent":0,"menu_order":0,"comment_status":"closed","ping_status":"closed","template":"","meta":[],"_links":{"self":[{"href":"https:\/\/ecopolealimentaire.fr\/index.php?rest_route=\/wp\/v2\/pages\/44"}],"collection":[{"href":"https:\/\/ecopolealimentaire.fr\/index.php?rest_route=\/wp\/v2\/pages"}],"about":[{"href":"https:\/\/ecopolealimentaire.fr\/index.php?rest_route=\/wp\/v2\/types\/page"}],"author":[{"embeddable":true,"href":"https:\/\/ecopolealimentaire.fr\/index.php?rest_route=\/wp\/v2\/users\/1"}],"replies":[{"embeddable":true,"href":"https:\/\/ecopolealimentaire.fr\/index.php?rest_route=%2Fwp%2Fv2%2Fcomments&post=44"}],"version-history":[{"count":8,"href":"https:\/\/ecopolealimentaire.fr\/index.php?rest_route=\/wp\/v2\/pages\/44\/revisions"}],"predecessor-version":[{"id":231,"href":"https:\/\/ecopolealimentaire.fr\/index.php?rest_route=\/wp\/v2\/pages\/44\/revisions\/231"}],"wp:attachment":[{"href":"https:\/\/ecopolealimentaire.fr\/index.php?rest_route=%2Fwp%2Fv2%2Fmedia&parent=44"}],"curies":[{"name":"wp","href":"https:\/\/api.w.org\/{rel}","templated":true}]}}